2*z + 12. Give l(-22).
12
Let g(x) = -2*x**2 + 32*x + 161. Determine g(20).
1
Let a(n) = -3*n**3 - 29*n**2 - 68*n - 14. What is a(-6)?
-2
Let n(u) = -u**3 + 9*u**2 + 11*u - 16. Determine n(11).
-137
Let j(t) = -8*t + 250. Determine j(32).
-6
Let n(y) = 3*y + 29. Determine n(-11).
-4
Let u(z) = -z**3 - 9*z**2 - 16*z + 8. Determine u(-6).
-4
Let x(s) = -s**3 - 11*s**2 - 13*s - 14. Give x(-10).
16
Let m(d) = d**3 - 2*d**2 - 3*d + 3. Calculate m(4).
23
Let p(q) = 20*q - 65. What is p(3)?
-5
Let z(u) = u**3 + 3*u**2 - 5. Give z(-3).
-5
Let g(a) = -44*a - 3. Determine g(-1).
41
Let w(z) = z**3 + 14*z**2 + 30. Give w(-14).
30
Let l(h) = -30*h**2 - 4*h - 3. Give l(-2).
-115
Let k(g) = -g**3 + 2*g**2 + 15*g - 9. What is k(5)?
-9
Let z(v) = 3*v**2 + 2*v - 4. What is z(-3)?
17
Let f(g) = -2*g**2 + 10*g - 24. Calculate f(6).
-36
Let z(t) = t**2 + 13*t + 25. Determine z(-11).
3
Let q(t) = t**3 - 5*t**2 + t + 6. Calculate q(5).
11
Let i(d) = -d**2 - 4*d + 5. What is i(4)?
-27
Let c(d) = d**2 + 14*d + 5. Determine c(-12).
-19
Let j(s) = -s**2 - 11*s - 8. What is j(-4)?
20
Let y(h) = h**3 - 20*h**2 - 2*h - 12. Calculate y(20).
-52
Let l(g) = g**3 - 14*g**2 - 16*g + 13. Give l(15).
-2
Let b(g) = -3*g - 3. Calculate b(-2).
3
Let a(p) = p**3 - 22*p**2 + 23*p - 41. Calculate a(21).
1
Let y(x) = -x**2 + 8*x - 5. Calculate y(5).
10
Let i(o) = -53*o + 102. Give i(2).
-4
Let k(f) = -f**3 - 5*f**2 + 12. Determine k(-4).
-4
Let t(i) = 18*i - 94. Determine t(3).
-40
Let p(v) = -9*v - 79. Determine p(-8).
-7
Let r(b) = b**3 - 7*b**2 - 15*b + 3. Give r(7).
-102
Let o(h) = -8*h**2 + 2*h + 3. Determine o(-1).
-7
Let t(p) = p**3 - 35*p**2 + 11*p - 388. What is t(35)?
-3
Let v(w) = -2*w - 30. Determine v(-11).
-8
Let x(v) = 6*v**2 + 4*v - 2. What is x(1)?
8
Let p(j) = -j**3 - 22*j**2 + 22*j - 34. Determine p(-23).
-11
Let k(p) = -18*p - 2. What is k(-2)?
34
Let y(k) = 2*k**3 - 3*k**2 - 4*k - 9. Give y(3).
6
Let b(v) = -v - 15. Determine b(11).
-26
Let r(b) = -b**3 + 2*b. What is r(2)?
-4
Let x(w) = w**3 + 7*w**2 - 7*w + 4. Give x(-8).
-4
Let l(k) = k**3 + 36*k**2 + 70*k + 53. What is l(-34)?
-15
Let f(j) = -4*j + 14. Calculate f(4).
-2
Let q(k) = k - 13. Calculate q(14).
1
Let n(r) = -3*r + 1. Determine n(4).
-11
Let d(p) = p - 6. Calculate d(8).
2
Let a(p) = 26*p + 7. Calculate a(-4).
-97
Let h(v) = 2*v + 10. Determine h(-4).
2
Let q(f) = -f**3 - 43*f**2 - 43*f - 39. Give q(-42).
3
Let v(h) = 8*h - 18. Calculate v(2).
-2
Let s(l) = 2*l**3 - 6*l**2 + 2*l - 3. What is s(3)?
3
Let h(u) = -u**2 + 13*u + 5. Determine h(12).
17
Let v(p) = -p + 34. Determine v(29).
5
Let q(o) = 2*o - 11. Give q(8).
5
Let g(q) = 103*q**3 + 2*q**2 + 5*q + 4. Determine g(-1).
-102
Let d(n) = -3*n**2 + n - 4. Determine d(0).
-4
Let h(l) = l - 7. Calculate h(4).
-3
Let c(f) = f**2 + 6*f + 6. Calculate c(-4).
-2
Let f(s) = -s**2 - 5*s + 7. Give f(-6).
1
Let t(l) = -l**2 - 21*l + 75. Give t(-24).
3
Let i(u) = -u**3 - 22*u**2 - 59*u - 46. What is i(-19)?
-8
Let s(d) = 6*d - 68. Determine s(15).
22
Let u(h) = h**3 - 4*h**2 - 13. Give u(4).
-13
Let a(d) = -d**3 - 10*d**2 - 6*d + 6. Determine a(-9).
-21
Let x(n) = n**3 - 25*n**2 - 53*n - 23. Give x(27).
4
Let y(v) = -v**3 + 28*v**2 - 31*v - 16. Determine y(27).
-124
Let c(h) = -h**2 + 7*h + 9. Calculate c(9).
-9
Let q(f) = f**2 - 11*f + 14. Calculate q(10).
4
Let a(n) = -n**3 + 8*n**2 - 9*n + 6. Calculate a(7).
-8
Let m(t) = -9*t - 23. Determine m(-2).
-5
Let c(x) = -x**3 - 9*x**2 + 13*x - 9. Determine c(-10).
-39
Let j(s) = 5*s**2 + 2*s - 10. Calculate j(0).
-10
Let n(i) = 4*i**2 - 2*i - 1. Determine n(-1).
5
Let a(m) = m**2 - 22*m + 102. Determine a(18).
30
Let j(d) = -3*d**2 + 17*d + 10. What is j(6)?
4
Let a(l) = -l**3 - 61*l**2 + 195*l + 194. What is a(-64)?
2
Let d(s) = s**3 + 5*s**2 + 4*s. Determine d(-4).
0
Let h(o) = -o**2 - 12*o - 14. What is h(-8)?
18
Let k(w) = -w**2 - 9*w - 1. Determine k(-1).
7
Let b(w) = w**3 - w**2 - 3*w + 6. What is b(2)?
4
Let u(m) = m + 1. Give u(3).
4
Let k(j) = j**3 + 5*j**2 + 4*j - 1. Calculate k(-2).
3
Let x(i) = -25*i + 131. Give x(5).
6
Let o(h) = 2*h**2 + 14*h - 1. What is o(-7)?
-1
Let d(s) = 4*s + 6. Give d(-3).
-6
Let n(t) = -t**3 - 7*t**2 - 4*t + 5. Calculate n(-6).
-7
Let c(s) = -s + 8. What is c(-6)?
14
Let k(z) = -3*z + 3. Determine k(3).
-6
Let t(q) = -q**2 + 2*q - 2. Determine t(-4).
-26
Let v(b) = -b**3 - b**2. Determine v(-1).
0
Let u(c) = -c**2 + 4*c. Calculate u(4).
0
Let j(w) = -w**3 - 4*w**2 - 5*w - 2. Give j(-3).
4
Let a(r) = r**2 + r - 19. What is a(9)?
71
Let s(l) = 6*l. Determine s(-1).
-6
Let f(m) = 4*m**2 + 10*m - 18. Calculate f(3).
48
Let n(d) = -d**3 - d**2 + 9*d + 16. Determine n(-2).
2
Let s(d) = -d**3 - 22*d**2 - 22*d - 30. Determine s(-21).
-9
Let i(c) = -c**3 - 33*c**2 - 32*c + 16. Determine i(-32).
16
Let n(m) = 14*m + 37. Calculate n(-3).
-5
Let r(i) = -i**2 + 29*i + 35. What is r(27)?
89
Let z(l) = 2*l**2 - 86*l + 1. What is z(43)?
1
Let a(m) = -m**3 + 21*m**2 - 14*m - 20. What is a(20)?
100
Let c(r) = r**3 + 3*r**2 - r + 9. Determine c(0).
9
Let w(g) = -7*g**2 - 94*g - 35. Determine w(-13).
4
Let w(b) = -b**2 - 14*b - 25. Calculate w(-4).
15
Let w(l) = 7*l - 33. Determine w(5).
2
Let a(l) = l**2 + 3*l - 4. Determine a(-5).
6
Let r(h) = 2*h**3 - 50*h**2 - 2*h + 54. Calculate r(25).
4
Let a(m) = 7*m - 33. Give a(4).
-5
Let o(i) = i**3 + 21*i**2 - 23*i - 24. What is o(-22)?
-2
Let d(v) = -v**2 + 7*v - 16. What is d(8)?
-24
Let h(o) = 6*o**3 - o**2 + 4*o + 3. Calculate h(-2).
-57
Let d(y) = 2*y**3 - 44*y**2 - 96*y - 10. Calculate d(24).
-10
Let t(m) = -m**2 + 6*m - 8. Determine t(5).
-3
Let q(l) = -l**2 + 9*l - 12. Determine q(7).
2
Let f(h) = -33*h + 7. Calculate f(2).
-59
Let c(k) = 58*k + 242. Calculate c(-4).
10
Let f(p) = p**2 + 8*p - 35. Calculate f(-11).
-2
Let y(k) = k**2 - 31*k + 62. Give y(29).
4
Let d(m) = m - 7. What is d(-9)?
-16
Let r(m) = -m**3 + 5*m**2 - 3*m + 7. Calculate r(5).
-8
Let o(v) = -4*v - 32. What is o(-8)?
0
Let a(l) = -3*l - 34. Give a(-14).
8
Let f(w) = -w**3 + 6*w**2 - 4*w - 12. Determine f(5).
-7
Let u(g) = -49*g + 126. Calculate u(4).
-70
Let p(i) = -3*i**2 - 27*i + 108. What is p(-12)?
0
Let t(o) = -3*o**2 + 102. Determine t(-6).
-6
Let i(m) = m**2 - 2*m - 4. Give i(5).
11
Let s(t) = -2*t**2 - 7*t - 3. Calculate s(-3).
0
Let k(p) = 20*p - 43. Calculate k(3).
17
Let n(z) = z + 36. What is n(9)?
45
Let j(v) = -2*v**2 - 6*v - 45. Determine j(-6).
-81
Let v(b) = -8*b + 4. What is v(0)?
4
Let c(d) = d**2 + 4*d + 16. Determine c(-8).
48
Let x(q) = -42*q**3 + 3*q**2 + q. What is x(-1)?
44
Let f(c) = 5*c**3 - c**2 + 4*c - 5. What is f(2)?
39
Let l(d) = -30*d + 7. Determine l(-3).
97
Let q(y) = y**3 + 33*y**2 + 199*y - 27. Give q(-25).
-2
Let h(q) = -q**3 + 8*q**2 + 6*q + 21. Determine h(9).
-6
Let g(q) = q**2 + 67*q - 212. What is g(3)?
-2
Let t(v) = -4*v**2 - 48*v - 3. Determine t(-10).
77
Let x(t) = -28*t**2 - 5*t + 3. Calculate x(1).
-30
Let d(v) = -10*v**3 - 2*v - 1. Give d(-1).
11
Let z(o) = o**2 - 12*o + 11. Determine z(11).
0
Let z(g) = 4*g**3 + 7*g**2 - 2*g + 3. Determine z(-2).
3
Let j(o) = -o - 11. What is j(-6)?
-5
Let k(c) = 3*c - 25. Determine k(13).
14
Let l(u) = -u**2 - 2*u + 3. Calculate l(-4).
-5
Let h(n) = n**3 - 3*n**2 - n + 3. Determine h(3).
0
Let t(r) = r**3 + 6*r**2 - 20*r - 19. Give t(-8).
13
Let u(q) = -q**2 - 11*q - 10. What is u(-9)?
8
Let k(j) = 8*j + 7. What is k(-4)?
-25
Let x(m) = -m**2 - 9*m + 15. What is x(-11)?
-7
Let l(a) = 3*a**2 - 11*a - 67. What is l(7)?
3
Let l(y) = y**3 - 8*y**2 + 8*y + 2. What is l(7)?
9
Let a(u) = u**2 + 4*u + 6. What is a(-6)?
18
Let g(s) = s**2 + 11*s + 5. Give g(-10).
-5
Let u(d) = -d**3 + d**2 + 18*d + 7. Give u(5).
-3
Let o(u) = -u**3 + 6*u**2 - 5*u - 4. Give o(5).
-4
Let p(z) = -z**2 + 6*z - 6. Give p(5).
-1
Let y(j) = j**2 + 15*j - 14. Give y(-16).
2
Let n(x) = -x**3 + 7*x**2 - 6*x - 6. What is n(5)?
14
Let t(u) = -u**3 - 7*u**2 - 4*u - 3. Determine t(-5).
-33
Let x(v) = v + 4. Give x(-12).
-8
Let n(b) = -b**3 - 15*b**2 - 15*b + 13. What is n(-13)?
-130
Let j(d) = d**3 - 6*d**2 - 7*d - 7. What is j(7)?
-7
Let h(d) = -d**2 + 7*d + 46. Calculate h(9).
28
Let n(x) = -x**2 - 2*x + 5. Calculate n(5).
-30
Let f(h) = 73*h + 7. Calculate f(2).
153
Let n(l) = -11*l + 244. What is n(21)?
13
Let t(n) = -